. What is the greatest common factor of f and 55?
5
Let c(n) = -n**2 + 11*n + 4. Let p(u) = u. Let x(w) = c(w) - 2*p(w). Let y be (-2)/4 - 45/(-6). Let b be x(y). What is the highest common factor of b and 6?
6
Suppose -2 - 6 = -4*r. Suppose -45 + 9 = -r*b. Suppose -h - 92 = -5*f, 0 = 3*f + f + 2*h - 68. Calculate the greatest common divisor of b and f.
18
Let p(l) = l - 25. Let c be p(12). Let v = c - -24. What is the greatest common divisor of 121 and v?
11
Let v be (-5 + 4)*-18 - -4. Let a = v - 21. Calculate the highest common factor of 5 and a.
1
Suppose 3*u + 3 - 12 = 0. Suppose -4*h = s - 14, 5*s - h = u*s + 37. What is the greatest common divisor of s and 6?
6
Let z be 8 - 11 - -3*1. Suppose -2*i - 3*l = -i - 4, -2*i - l + 3 = z. Calculate the greatest common factor of 7 and i.
1
Suppose -v = -4*v + 15. Let n be 27*(4/(-6) + 1). Let m = -4 + n. Calculate the greatest common factor of v and m.
5
Let o(h) = 3*h**3 + 18*h**2 + 3*h + 6. Let v be o(-6). Let u be (0 + 1 + -2)*8. Let l = u - v. What is the highest common factor of 1 and l?
1
Suppose -32 = -y - 4*r, y + r + 55 = 6*y. What is the highest common factor of y and 96?
12
Let x be (648/90)/(2/5). Suppose -3*d + 8*d = -2*i + 108, -270 = -5*i - 2*d. What is the highest common divisor of x and i?
18
Suppose -143 - 121 = -12*j. Calculate the highest common divisor of 88 and j.
22
Let o(w) = -w**3 + 12*w**2 - 10*w - 6. Let r be o(11). Suppose -15 - 32 = -r*f + p, 0 = p + 2. What is the highest common factor of f and 3?
3
Suppose 76 + 64 = 4*m. What is the greatest common divisor of m and 35?
35
Let s be (-3)/(-2)*8/(-6). Let r be s/(-1 + -1) - -63. Suppose -4*y + 2*b + r = 4*b, -b = y - 14. Calculate the greatest common factor of 2 and y.
2
Let x be 416 - (0/2 + (7 - 9)). Calculate the highest common divisor of x and 38.
38
Let i = 19 + -10. Let z = i + -8. What is the greatest common divisor of 5 and z?
1
Let m = -11 - -20. Suppose 3*a = 10 + 5. Let n be (-6)/m*a*-3. What is the highest common factor of n and 10?
10
Let f = -4 - -6. Suppose 0 = 4*w + f*s, 4*w + 0*w = 2*s + 16. Calculate the highest common divisor of 14 and w.
2
Let i = -5 + 11. Let t = i - 3. Calculate the highest common factor of t and 9.
3
Suppose 39 = 4*v - 33. Let t(m) = 0 + 6 + m + 0. Let k be t(0). Calculate the highest common factor of k and v.
6
Let r(d) = -1 + 0 + 4 - 4*d. Let g be r(-3). Suppose -g = -5*k + 5*w + 25, k = 4*w + 8. Calculate the greatest common divisor of 1 and k.
1
Let k be 155/15 - 4/12. Calculate the greatest common divisor of k and 50.
10
Suppose 0 = 4*g + 2*s - 48, -3*g + 37 = 2*s - 0*s. Calculate the greatest common divisor of 55 and g.
11
Suppose 4*b + 109 + 11 = 0. Let j be (78/(-10) + 3)*b. Calculate the greatest common divisor of 16 and j.
16
Let f(l) = l + 12. Let r be f(9). What is the greatest common factor of 147 and r?
21
Suppose 3*t = -5*s + 32, t - 4*t + 4*s = -23. Let j(y) = -y**3 + 5*y**2 + 7*y + 1. Let q be j(5). Calculate the greatest common factor of q and t.
9
Let y = -85 + 102. What is the greatest common factor of 391 and y?
17
Suppose 4*w + 5*r + 16 = 54, -w - 4*r = -15. Let a(n) be the third derivative of n**4/8 - 9*n**2. Let j be a(w). What is the greatest common divisor of 3 and j?
3
Let c(x) = x**3 - 3*x**2 + x. Let b be c(3). Let i = -10 - 2. Let k = i + 21. What is the highest common divisor of b and k?
3
Let k(b) = 8*b**2 - b + 1. Let w(m) = m**2 + 7*m + 1. Let l be w(-7). Let h be k(l). Suppose 2*g - 5 = 19. What is the greatest common factor of g and h?
4
Let r = -81 - -151. Suppose -r = -4*y + 58. Calculate the highest common factor of y and 16.
16
Let l be 5 + (-1 - 2) + 2. Suppose -3*m = -l*m + 6. Let q = 5 + 49. Calculate the highest common divisor of m and q.
6
Let d = -6 + 10. Suppose c - 5*c + d*w = -44, -9 = -3*c - 3*w. Calculate the greatest common factor of 28 and c.
7
Let f = -2 - -16. Let k = f + -9. Suppose -k*u = 4*g - 264 - 1, -4*g = -3*u + 191. What is the greatest common divisor of 19 and u?
19
Suppose 5*v = 3*r - 7, -2*r = 3*v - 4*r + 5. What is the highest common divisor of 11 and v?
1
Suppose 6 - 2 = 2*n, 3*n + 2 = b. Suppose 3*q - 295 = 2*d - 2*q, -5*d = -5*q + 760. Let i = -99 - d. What is the highest common factor of i and b?
8
Let g be 17/4 + (-12)/(-16). What is the greatest common divisor of 35 and g?
5
Let n be (0 + 2)*21/(-6). Let y = n + 15. What is the greatest common factor of y and 1?
1
Suppose -90 = 2*j - 7*j. Let x(f) = 4*f. Let w be x(9). Suppose -4*o - 46 = -5*a, -4*a - o + w = -4*o. Calculate the highest common divisor of j and a.
6
Let i(a) = 2*a - 6. Let b be i(7). What is the highest common divisor of b and 8?
8
Let p(t) = -t**3 + 7*t**2 + 2*t - 4. Let l be p(6). Calculate the greatest common divisor of 132 and l.
44
Suppose x = -3*x. Suppose x = 5*p + 7 + 23. Let a(n) = n + 9. Let b be a(p). Calculate the highest common divisor of b and 15.
3
Suppose -4*z + 347 - 147 = 0. Suppose -15*d = -25*d + 100. What is the highest common factor of z and d?
10
Let q = -6 - -21. What is the highest common factor of 10 and q?
5
Let a(o) = 4*o**2 + o - 3. Let y be a(3). Suppose -3*f = -12, -5*p + f + 124 = 2*f. Calculate the greatest common divisor of y and p.
12
Suppose -3*g - 233 = -5*c, 4*c - 3*g = -6*g + 181. Calculate the highest common divisor of c and 69.
23
Suppose -26*s + 255 = -23*s. Calculate the greatest common factor of s and 17.
17
Suppose 5*o + 0 - 50 = 0. Suppose -5*a + 4*a = 5. Let h be 2/a + 154/o. Calculate the greatest common divisor of h and 75.
15
Suppose -3*x + 616 = x. What is the greatest common divisor of x and 14?
14
Let n = 17 + -12. Let b = n - -14. Let t be 1/((-1)/(1*-95)). What is the greatest common divisor of t and b?
19
Let v(u) = -u**3 + 7*u**2 - 4*u + 6. Let j be v(4). Let k(q) = q**2 - 7*q + 12. Let z be k(-15). What is the greatest common divisor of z and j?
38
Let b(y) = y**3 + 5*y**2 + 2*y - 5. Let j be b(-4). Suppose -5*c = -j*c - 4. What is the highest common factor of 18 and c?
2
Let w be 2/8 - (-23)/4. Let y(g) = g**2 + 13*g - 21. Let i be y(-15). Suppose -i = -3*f + 9. Calculate the highest common factor of w and f.
6
Suppose -3*b - 55 = 2*h, 0*h - 5*b + 34 = -h. Suppose -100 + 30 = 5*l. Let j = l - h. Calculate the highest common factor of j and 120.
15
Let d = 0 - -2. Suppose s + 4 = d*s. Let k be 1 - s*(-93)/2. What is the highest common factor of 17 and k?
17
Let b(f) be the third derivative of -f**5/60 - 11*f**4/24 - f**3 - f**2. Let s be b(-9). What is the greatest common divisor of s and 84?
12
Suppose 10*q = 5*q + 70. Calculate the greatest common divisor of 98 and q.
14
Let q = 3 - 1. Let z(f) = 2*f - 1. Let h be z(1). Calculate the highest common factor of h and q.
1
Let j(t) = 11*t - 4. Let z be j(4). Let f be 4*(3 - (1 + 1)). Suppose -100 = 3*r - f*r. Calculate the highest common factor of z and r.
20
Let p = 6 - 2. Suppose -p*s + 41 = 13. Let u = 11 - s. Calculate the greatest common factor of 4 and u.
4
Let z(p) = p**3 + 8*p**2 - 2*p - 10. Let d be z(-8). Suppose m - 4*n - 4 = d, -5*m - 2*n = -116. What is the greatest common divisor of m and 33?
11
Suppose -5*i + 296 = -89. Suppose -k + 7 + 4 = 0. Calculate the highest common factor of i and k.
11
Let r(z) = -z**2 + 9*z - 4. Let i be r(8). Suppose -5 + 1 = -i*b. Let a be ((-2)/(-5))/(b/120). Calculate the highest common factor of 6 and a.
6
Suppose -3*p + 24 = p. Suppose a - 2*y + 3 - 31 = 0, -4*y - 104 = -4*a. What is the highest common divisor of a and p?
6
Let v(h) = -7*h + 24. Let q be v(3). Let n(u) = 2*u**2 + 3*u - 2. Let j be n(-5). Calculate the greatest common divisor of q and j.
3
Let o = -9 + 13. Suppose -44 = -0*y - 4*y - t, o*t = -4*y + 44. Let v = -25 - -146. Calculate the greatest common factor of y and v.
11
Suppose -2*o + 4 = -140. Suppose -3*j - j = -4*q + o, q - 5*j = 34. Let v = 65 - q. Calculate the greatest common divisor of v and 34.
17
Let s be 476/(-6)*(2 + 4). Let b be -7*(24/14)/(-2). Let q be 2/3 - s/b. Calculate the highest common factor of q and 32.
16
Let s be 11 - 1 - (-1 + -2). Suppose -4*v + 393 = s. Calculate the greatest common divisor of 38 and v.
19
Let j(c) be the third derivative of c**4/12 - 5*c**3/3 + c**2. Let w be j(7). Let g be 2/(-4) - 198/(-12). What is the greatest common f